{"id":67,"date":"2014-11-24T13:44:07","date_gmt":"2014-11-24T13:44:07","guid":{"rendered":"http:\/\/grabanow.tau.pl\/wp\/?page_id=67"},"modified":"2023-02-23T09:36:26","modified_gmt":"2023-02-23T09:36:26","slug":"rekrutacja","status":"publish","type":"page","link":"http:\/\/grabanow.tau.pl\/wp\/?page_id=67","title":{"rendered":"Rekrutacja 2023\/2024"},"content":{"rendered":"<h4><a href=\"http:\/\/grabanow.tau.pl\/wp\/wp-content\/uploads\/2023\/02\/ZARZADZENIE-WOJTA-GMINY-BIALA-PODLASKA.pdf\">ZARZ\u0104DZENIE W\u00d3JTA GMINY BIA\u0141A PODLASKA &#8211; HARMONOGRAMY REKRUTACJI\u00a0<\/a><\/h4>\n<h4><a href=\"http:\/\/grabanow.tau.pl\/wp\/wp-content\/uploads\/2023\/02\/WNIOSEK-O-PRZYJECIE-DO-PRZEDSZKOLA-PUNKTU-PRZEDSZKOLNEGO.doc\">WNIOSEK O PRZYJ\u0118CIE DO PRZEDSZKOLA\/ PUNKTU PRZEDSZKOLNEGO<\/a><\/h4>\n<h4 style=\"text-align: left;\"><a href=\"http:\/\/grabanow.tau.pl\/wp\/wp-content\/uploads\/2023\/02\/WNIOSEK-O-PRZYJECIE-DO-KLASY-1.doc\">WNIOSEK O PRZYJ\u0118CIE DO KLASY 1<\/a><\/h4>\n<h4><a href=\"http:\/\/grabanow.tau.pl\/wp\/wp-content\/uploads\/2023\/02\/Zgloszenie-dziecka-obwodowego-do-klasy-pierwszej.doc\">Zg\u0142oszenie dziecka do klasy pierwszej<\/a><\/h4>\n<h4 style=\"text-align: left;\"><a href=\"http:\/\/grabanow.tau.pl\/wp\/wp-content\/uploads\/2023\/02\/DEKLARACJA-O-KONTYNUACJI.pdf\">DEKLARACJA O KONTYNUACJI<\/a><\/h4>\n<h4><\/h4>\n<div><\/div>\n<div><\/div>\n<div><\/div>\n<div><\/div>\n<div><\/div>\n<div><\/div>\n<div><\/div>\n<div><\/div>\n<div><\/div>\n<div><\/div>\n<div><\/div>\n<div><\/div>\n<div><\/div>\n<div><\/div>\n<div><\/div>\n<div><\/div>\n<div><\/div>\n<div><\/div>\n","protected":false},"excerpt":{"rendered":"<p>ZARZ\u0104DZENIE W\u00d3JTA GMINY BIA\u0141A PODLASKA &#8211; HARMONOGRAMY REKRUTACJI\u00a0 WNIOSEK O PRZYJ\u0118CIE DO PRZEDSZKOLA\/ PUNKTU PRZEDSZKOLNEGO WNIOSEK O PRZYJ\u0118CIE DO KLASY 1 Zg\u0142oszenie dziecka do klasy pierwszej DEKLARACJA O KONTYNUACJI<\/p>\n","protected":false},"author":1,"featured_media":0,"parent":0,"menu_order":0,"comment_status":"open","ping_status":"open","template":"","meta":[],"_links":{"self":[{"href":"http:\/\/grabanow.tau.pl\/wp\/index.php?rest_route=\/wp\/v2\/pages\/67"}],"collection":[{"href":"http:\/\/grabanow.tau.pl\/wp\/index.php?rest_route=\/wp\/v2\/pages"}],"about":[{"href":"http:\/\/grabanow.tau.pl\/wp\/index.php?rest_route=\/wp\/v2\/types\/page"}],"author":[{"embeddable":true,"href":"http:\/\/grabanow.tau.pl\/wp\/index.php?rest_route=\/wp\/v2\/users\/1"}],"replies":[{"embeddable":true,"href":"http:\/\/grabanow.tau.pl\/wp\/index.php?rest_route=%2Fwp%2Fv2%2Fcomments&post=67"}],"version-history":[{"count":89,"href":"http:\/\/grabanow.tau.pl\/wp\/index.php?rest_route=\/wp\/v2\/pages\/67\/revisions"}],"predecessor-version":[{"id":15619,"href":"http:\/\/grabanow.tau.pl\/wp\/index.php?rest_route=\/wp\/v2\/pages\/67\/revisions\/15619"}],"wp:attachment":[{"href":"http:\/\/grabanow.tau.pl\/wp\/index.php?rest_route=%2Fwp%2Fv2%2Fmedia&parent=67"}],"curies":[{"name":"wp","href":"https:\/\/api.w.org\/{rel}","templated":true}]}}

<h4><a href="http://grabanow.tau.pl/wp/wp-content/uploads/2023/02/ZARZADZENIE-WOJTA-GMINY-BIALA-PODLASKA.pdf">ZARZĄDZENIE WÓJTA GMINY BIAŁA PODLASKA &#8211; HARMONOGRAMY REKRUTACJI </a></h4>
<h4><a href="http://grabanow.tau.pl/wp/wp-content/uploads/2023/02/WNIOSEK-O-PRZYJECIE-DO-PRZEDSZKOLA-PUNKTU-PRZEDSZKOLNEGO.doc">WNIOSEK O PRZYJĘCIE DO PRZEDSZKOLA/ PUNKTU PRZEDSZKOLNEGO</a></h4>
<h4 style="text-align: left;"><a href="http://grabanow.tau.pl/wp/wp-content/uploads/2023/02/WNIOSEK-O-PRZYJECIE-DO-KLASY-1.doc">WNIOSEK O PRZYJĘCIE DO KLASY 1</a></h4>
<h4><a href="http://grabanow.tau.pl/wp/wp-content/uploads/2023/02/Zgloszenie-dziecka-obwodowego-do-klasy-pierwszej.doc">Zgłoszenie dziecka do klasy pierwszej</a></h4>
<h4 style="text-align: left;"><a href="http://grabanow.tau.pl/wp/wp-content/uploads/2023/02/DEKLARACJA-O-KONTYNUACJI.pdf">DEKLARACJA O KONTYNUACJI</a></h4>
<h4></h4>
<div></div>
<div></div>
<div></div>
<div></div>
<div></div>
<div></div>
<div></div>
<div></div>
<div></div>
<div></div>
<div></div>
<div></div>
<div></div>
<div></div>
<div></div>
<div></div>
<div></div>
<div></div>

<p>ZARZĄDZENIE WÓJTA GMINY BIAŁA PODLASKA &#8211; HARMONOGRAMY REKRUTACJI  WNIOSEK O PRZYJĘCIE DO PRZEDSZKOLA/ PUNKTU PRZEDSZKOLNEGO WNIOSEK O PRZYJĘCIE DO KLASY 1 Zgłoszenie dziecka do klasy pierwszej DEKLARACJA O KONTYNUACJI</p>
